 remainder when 2231092 is divided by 9014.
4634
Calculate the remainder when 220787 is divided by 4602.
4493
What is the remainder when 133339354 is divided by 6028?
6022
What is the remainder when 5773668 is divided by 320746?
240
What is the remainder when 2012547 is divided by 13328?
19
Calculate the remainder when 119608184 is divided by 2062210.
4
What is the remainder when 49388 is divided by 49111?
277
What is the remainder when 71536 is divided by 35551?
434
Calculate the remainder when 75430 is divided by 1031.
167
What is the remainder when 5270548 is divided by 210821?
23
Calculate the remainder when 22898803 is divided by 827.
0
Calculate the remainder when 26520 is divided by 26110.
410
What is the remainder when 71009552 is divided by 12?
8
What is the remainder when 83345833 is divided by 355?
353
Calculate the remainder when 32691 is divided by 615.
96
Calculate the remainder when 1194125 is divided by 150.
125
Calculate the remainder when 396756 is divided by 265.
51
What is the remainder when 52332558 is divided by 698?
8
Calculate the remainder when 5771240 is divided by 1334.
356
Calculate the remainder when 402905 is divided by 50342.
169
Calculate the remainder when 12324001 is divided by 1509.
1507
Calculate the remainder when 248350 is divided by 82691.
277
What is the remainder when 100125 is divided by 19801?
1120
What is the remainder when 217183 is divided by 24062?
625
Calculate the remainder when 45469670 is divided by 80335.
60
Calculate the remainder when 12454777 is divided by 57132.
1
What is the remainder when 3134050 is divided by 54?
52
What is the remainder when 3671616 is divided by 16391?
32
Calculate the remainder when 5096395 is divided by 47.
44
Calculate the remainder when 4493262 is divided by 1456.
46
What is the remainder when 32911 is divided by 15500?
1911
Calculate the remainder when 1489187655 is divided by 6166.
6165
Calculate the remainder when 89183 is divided by 1806.
689
What is the remainder when 3904939 is divided by 2619?
10
What is the remainder when 325671 is divided by 1605?
1461
What is the remainder when 2003983 is divided by 12?
7
What is the remainder when 1986959 is divided by 41?
17
Calculate the remainder when 62275 is divided by 7763.
171
Calculate the remainder when 127627 is divided by 1724.
51
Calculate the remainder when 64971506 is divided by 1652.
1650
What is the remainder when 412217 is divided by 956?
181
Calculate the remainder when 828688 is divided by 414344.
0
Calculate the remainder when 127738 is divided by 1343.
153
Calculate the remainder when 6311655 is divided by 332192.
7
What is the remainder when 621159 is divided by 9?
6
What is the remainder when 31326263 is divided by 18?
17
What is the remainder when 66178 is divided by 151?
40
Calculate the remainder when 31939991 is divided by 36.
35
What is the remainder when 11030033 is divided by 25953?
8
Calculate the remainder when 796312 is divided by 39813.
52
What is the remainder when 148055962 is divided by 2087?
8
Calculate the remainder when 1871912 is divided by 169.
68
What is the remainder when 2473550 is divided by 13743?
13553
What is the remainder when 421055 is divided by 6510?
4415
Calculate the remainder when 37584153 is divided by 89.
76
Calculate the remainder when 1585430 is divided by 36.
26
Calculate the remainder when 141935604 is divided by 47311868.
0
What is the remainder when 1842486 is divided by 221?
9
Calculate the remainder when 466028 is divided by 159.
158
What is the remainder when 762127 is divided by 377?
210
What is the remainder when 25501120 is divided by 503?
26
Calculate the remainder when 388322 is divided by 48527.
106
Calculate the remainder when 8598857 is divided by 203.
183
What is the remainder when 1434865 is divided by 1434805?
60
What is the remainder when 49036 is divided by 2352?
1996
What is the remainder when 110666 is divided by 517?
28
What is the remainder when 28276 is divided by 9394?
94
What is the remainder when 173096 is divided by 86535?
26
What is the remainder when 784760 is divided by 638?
20
Calculate the remainder when 514057 is divided by 913.
38
Calculate the remainder when 163624 is divided by 3836.
2512
Calculate the remainder when 1500389 is divided by 1719.
1421
What is the remainder when 90962495 is divided by 316?
315
What is the remainder when 497236 is divided by 11836?
124
Calculate the remainder when 4880968 is divided by 441.
421
What is the remainder when 39978429 is divided by 64?
61
What is the remainder when 61730282 is divided by 39?
29
Calculate the remainder when 20442733 is divided by 5231.
5216
What is the remainder when 277230 is divided by 22654?
5382
Calculate the remainder when 16079964 is divided by 30.
24
What is the remainder when 18742318 is divided by 2082479?
7
What is the remainder when 955958 is divided by 56229?
65
Calculate the remainder when 44538 is divided by 3047.
1880
What is the remainder when 3809267 is divided by 138?
53
Calculate the remainder when 7232722 is divided by 85.
72
What is the remainder when 667029507 is divided by 765?
762
Calculate the remainder when 61228547 is divided by 8.
3
What is the remainder when 43858175 is divided by 1978?
1959
Calculate the remainder when 4310808 is divided by 6168.
5544
What is the remainder when 3888797 is divided by 357?
353
What is the remainder when 100892172 is divided by 901?
895
Calculate the remainder when 832287 is divided by 933.
51
Calculate the remainder when 1830516 is divided by 325.
116
What is the remainder when 596443393 is divided by 47?
45
Calculate the remainder when 2160273 is divided by 276.
21
Calculate the remainder when 675409 is divided by 242.
229
Calculate the remainder when 1011936 is divided by 2649.
18
What is the remainder when 615426 is divided by 780?
6
Calculate the remainder when 28445 is divided by 305.
80
Calculate the remainder when 256411 is divided by 105.
1
What is the remainder when 5021 is divided by 1068?
749
Calculate the remainder when 75636 is divided by 222.
156
What is the remainder when 1677845 is divided by 419430?
125
What is the remainder when 276555 is divided by 3785?
250
What is the remainder when 10668274 is divided by 603?
601
What is the remainder when 492916708 is divided by 34?
8
What is the remainder when 4675601 is divided by 161?
0
Calculate the remainder when 171431178 is divided by 870209.
5
Calculate the remainder when 1287045 is divided by 489.
486
What is the remainder when 13936380 is divided by 196?
192
Calculate the remainder when 8754596 is divided by 2918172.
80
Calculate the remainder when 1425427 is divided by 4038.
13
Calculate the remainder when 1018561 is divided by 203709.
16
What is the remainder when 240732 is divided by 194?
172
What is the remainder when 19915788 is divided by 328?
284
What is the remainder when 590707 is divided by 14404?
143
Calculate the remainder when 15767321 is divided by 720.
41
Calculate the remainder when 84715769 is divided by 1631.
1629
Calculate the remainder when 538744 is divided by 5.
4
Calculate the remainder when 544608 is divided by 89.
17
What is the remainder when 159718 is divided by 100?
18
What is the remainder when 384903 is divided by 31?
7
What is the remainder when 143766 is divided by 7525?
791
Calculate the remainder when 49042 is divided by 5363.
775
What is the remainder when 3002098 is divided by 189?
22
Calculate the remainder when 813541 is divided by 135588.
13
Calculate the remainder when 16852734 is divided by 32.
30
Calculate the remainder when 816075 is divided by 125.
75
What is the remainder when 41905897 is divided by 50?
47
What is the remainder when 91859 is divided by 4252?
2567
Calculate the remainder when 23613314 is divided by 7.
4
What is the remainder when 449883943 is divided by 50?
43
Calculate the remainder when 1886760 is divided by 2469.
444
What is the remainder when 27331 is divided by 1289?
262
What is the remainder when 11884475 is divided by 99?
20
What is the remainder when 12742803 is divided by 803?
799
Calculate the remainder when 597925 is divided by 1207.
460
Calculate the remainder when 15489764 is divided by 111437.
21
Calculate the remainder when 122114839 is divided by 50.
39
Calcu